426430594 a multiple of 256?
False
Is 32516911 a multiple of 1394?
False
Is 49235458 a multiple of 19?
False
Is 3406002048 a multiple of 63?
False
Is 1222101018 a multiple of 5154?
True
Is 159632245 a multiple of 2073?
False
Is 41 a factor of 239537129?
True
Is 637259765 a multiple of 7?
False
Does 122 divide 26874404?
True
Does 501 divide 363610169?
False
Is 1012 a factor of 31710133?
False
Is 31261230 a multiple of 55?
True
Is 5546940353 a multiple of 1726?
False
Is 27 a factor of 669393018?
True
Is 1116287484 a multiple of 7298?
True
Is 27 a factor of 55092627?
False
Does 1023 divide 69177306?
True
Is 17647089 a multiple of 742?
False
Does 139 divide 42111162?
True
Does 86 divide 2053774400?
False
Is 4 a factor of 170465287?
False
Does 2 divide 5361555?
False
Does 285 divide 305262075?
True
Is 21477240 a multiple of 72?
True
Does 47 divide 236526522?
False
Is 1742571 a multiple of 99?
False
Is 66489021 a multiple of 13?
False
Does 43 divide 84162352?
True
Does 4 divide 463031605?
False
Is 4 a factor of 2666331?
False
Is 249 a factor of 56108943?
False
Is 8895 a factor of 1227705108?
False
Is 138 a factor of 12914356?
False
Does 13 divide 851736860?
True
Does 906 divide 12377772?
True
Is 523 a factor of 350617108?
True
Is 412771990 a multiple of 71?
True
Does 12 divide 33501194?
False
Is 1709289524 a multiple of 54?
False
Is 50 a factor of 800991450?
True
Is 19 a factor of 121964363?
True
Is 4562954245 a multiple of 215?
True
Is 30 a factor of 955840500?
True
Is 828 a factor of 328700998?
False
Is 43932096 a multiple of 832?
True
Is 40278144 a multiple of 12?
True
Is 7 a factor of 456364181?
True
Is 66 a factor of 1103924580?
True
Is 17 a factor of 273185733?
True
Does 21 divide 2374340?
False
Is 16 a factor of 101103056?
True
Is 1146 a factor of 224592294?
False
Is 1091 a factor of 408541315?
True
Is 59 a factor of 166012979?
False
Does 366 divide 7478004?
False
Is 142 a factor of 104513050?
False
Is 847076114 a multiple of 27?
False
Is 245802646 a multiple of 307?
False
Is 22049595 a multiple of 57?
True
Does 4 divide 238777856?
True
Does 21 divide 3013966893?
True
Is 37589833 a multiple of 123?
False
Does 105 divide 76463661?
False
Does 19 divide 173946026?
True
Is 1206 a factor of 11836890?
True
Is 4813056 a multiple of 33?
False
Is 184974615 a multiple of 3045?
True
Is 153141875 a multiple of 125?
True
Does 184 divide 40937056?
True
Is 26 a factor of 554302684?
True
Is 7023 a factor of 2110938225?
True
Does 43 divide 28739497?
False
Does 28 divide 924106652?
True
Does 5 divide 376276210?
True
Is 426 a factor of 103825803?
False
Is 8785957 even?
False
Is 2 a factor of 21834776?
True
Is 31869040 a multiple of 16?
True
Is 75 a factor of 2266539675?
True
Is 11550 a factor of 1931940966?
False
Does 260 divide 66524292?
False
Is 119573028 a multiple of 1637?
True
Is 2974760 a multiple of 20?
True
Does 727 divide 20696236?
True
Is 88852480 a multiple of 512?
True
Is 206 a factor of 86530765?
False
Is 75 a factor of 1083471?
False
Is 63049050 a multiple of 15?
True
Is 4505109 a multiple of 7?
True
Is 9946898 a multiple of 11?
False
Is 22205934 a multiple of 482?
False
Does 32 divide 32115776?
True
Is 11 a factor of 64491240?
True
Is 1505274 a multiple of 3?
True
Does 26 divide 111572422?
True
Is 1619 a factor of 82566680?
False
Does 71 divide 29601462?
True
Is 3410910 a multiple of 205?
False
Is 73 a factor of 1451018765?
False
Does 1321 divide 93938218?
False
Is 2729 a factor of 865641529?
True
Is 123221939 a multiple of 2606?
False
Is 17 a factor of 5395177?
False
Is 47115830 a multiple of 100?
False
Is 157 a factor of 592151248?
True
Does 27 divide 6076965?
False
Is 4488 a factor of 165639568?
False
Does 58 divide 777536400?
True
Is 36788660 a multiple of 11?
False
Does 171 divide 3193526563?
False
Is 36488163 a multiple of 1471?
False
Is 79433037 a multiple of 15?
False
Is 8 a factor of 41984079?
False
Does 356 divide 44354519?
False
Is 90664525 a multiple of 10?
False
Does 1549 divide 412655149?
True
Is 15 a factor of 59195104?
False
Is 7472 a factor of 1156075312?
True
Does 14 divide 106225248?
False
Does 22 divide 154256041?
False
Is 25 a factor of 66818543?
False
Is 41026716 a multiple of 18?
True
Is 13 a factor of 106540095?
False
Is 330873952 a multiple of 23?
True
Is 54616683 a multiple of 33?
True
Does 211 divide 920231294?
False
Is 13 a factor of 379728897?
False
Is 351 a factor of 76173305?
False
Is 448792566 a multiple of 10?
False
Is 23176818 a multiple of 21?
True
Is 1455405791 a multiple of 49?
True
Is 451 a factor of 723088133?
False
Does 131 divide 8182233?
False
Does 5336 divide 217778886?
False
Is 484802410 a multiple of 2126?
True
Is 54658297 even?
False
Does 783 divide 445054851?
True
Does 5 divide 9689554?
False
Is 787 a factor of 13750464?
True
Is 3776982 a multiple of 534?
True
Is 276 a factor of 555236734?
False
Does 10 divide 1695659?
False
Is 189281365 a multiple of 469?
True
Is 135 a factor of 319557993?
False
Is 85392603 a multiple of 27?
True
Is 35 a factor of 254297663?
False
Is 261090596 a multiple of 1508?
True
Does 22 divide 474013681?
False
Does 12 divide 103892664?
True
Is 100448686 a multiple of 26?
True
Does 13 divide 20672853?
False
Is 454 a factor of 206537797?
False
Does 1823 divide 18944928?
False
Is 683617733 a multiple of 5755?
False
Is 78 a factor of 474182921?
False
Does 176 divide 18143840?
True
Does 35 divide 90259583?
False
Does 481 divide 6688786?
True
Is 33646278 a multiple of 16?
False
Is 164476545 a multiple of 1470?
False
Does 3871 divide 1900544870?
True
Does 26 divide 58867744?
True
Does 86 divide 101555766?
True
Does 3 divide 3027571?
False
Does 7 divide 3111034444?
True
Does 9 divide 10183626?
True
Is 539 a factor of 1010111333?
True
Is 9 a factor of 76521789?
True
Is 262 a factor of 712902?
True
Is 130622661 a multiple of 3?
True
Does 8 divide 993580762?
False
Does 93 divide 10877838?
True
Is 49 a factor of 204512770?
True
Is 574 a factor of 31491527?
False
Is 1859 a factor of 1197349643?
False
Does 16 divide 462432?
True
Is 1109536587 a multiple of 19?
False
Is 156396688 a multiple of 22?
False
Is 17168166 a multiple of 18?
True
Does 16 divide 1772968?
False
Does 5 divide 264918645?
True
Is 9 a factor of 14018490?
True
Is 1663 a factor of 599212160?
True
Is 95 a factor of 5527961745?
True
Is 1732844295 a multiple of 3731?
True
Does 23 divide 27233472?
True
Is 24989541 a multiple of 111?
True
Is 279 a factor of 91072296?
True
Is 412479405 a multiple of 15?
True
Is 561064028 a multiple of 2302?
False
Is 496739184 a multiple of 656?
False
Is 133638510 a multiple of 3400?
False
Is 10 a factor of 11908223?
False
Does 1172 divide 2458076721?
False
Does 698 divide 47218304?
True
Does 74 divide 57066802?
True
Is 11 a factor of 1539850422?
True
Is 51 a factor of 3157920?
True
Is 16 a factor of 10551518?
False
Does 147 divide 26249767?
False
Is 402321975 a multiple of 5203?
True
Is 117901202 a multiple of 10?
False
Is 112664368 a multiple of 4?
True
Is 254 a factor of 3925654836?
True
Is 6 a factor of 71130638?
False
Is 68721390 a multiple of 159?
True
Does 36 divide 16326648?
True
Is 3163992 a multiple of 32?
False
Does 21 divide 13848571?
False
Does 3761 divide 182464915?
True
Does 3 divide 25167217?
False
Does 945 divide 696493?
False
Is 12 a factor of 51299496?
True
Does 12 divide 185709972?
True
Does 19 divide 21111432?
True
Is 63502732 a multiple of 2918?
False
Is 356 a factor of 86107144?
True
Does 116 divide 26564544?
False
Is 107 a factor of 483265257?
False
Does 14 divide 1439856256?
False
Is 41 a factor of 129616516?
False
Does 869 divide 30764511?
False
Is 6428 a factor of 1144781846?
False
Is 314446248 a multiple of 184?
True
Does 25 divide 407517375?
True
Is 1368562008 a multiple of 3485?
False
Is 833 a factor of 15272222?
True
Does 43 divide 226905212?
False
Is 67153408 a multiple of 28?
True
Is 1690101522 a multiple of 127?
True
Does 43 divide 821053223?
True
Is 6001 a factor of 104957490?
True
Does 10 divide 28089162?
False
Does 173 divide 55962481?
False
Is 7 a factor of 7344777?
False
Is 152762666 a multiple of 61?
True
Is 7 a factor of 39294753?
False
Does 719 divide 550337699?
True
Is 348 a factor of 952059094?
False
Is 1133 a factor of 1372850976?
False
Does 15 divi